6 + 3787586/18 prime?
True
Let d = -5999 - -9958. Is d a prime number?
False
Suppose r + 3 = 1, -5*l + 47054 = 3*r. Suppose -3*m = -7*m + l. Is m composite?
True
Suppose -117 = 4*d - n + 187, -d = 3*n + 76. Is 23994/8 - (-19)/d a prime number?
True
Is (-3)/9*(3063/(-12))/((-1)/(-2676)) composite?
True
Suppose 0 = 4*s - 2*w + 6*w - 64, -5*s = -3*w - 48. Let d = s + -11. Let p(c) = 1253*c + 2. Is p(d) a composite number?
True
Let p be ((-8382)/99)/(2/(-477)). Suppose 0 = -39*f + 36*f + p. Is f a composite number?
True
Let h = -63 - -58. Let u(o) = -36*o**3 + 2*o + 17. Is u(h) a prime number?
True
Let i(w) = 2*w**3 + w**2 - 9*w - 3. Suppose 0 = 2*d + 2*g - 2 + 4, -g = 2*d + 7. Let o be i(d). Is o*(3 + -5*(-4)/(-6)) a prime number?
False
Let f be (-336)/(-20)*(-35)/(-14). Suppose f*l = 40*l + 9154. Is l prime?
False
Let i = -33 - -33. Suppose 3*y - n = 3499, i*n + 5828 = 5*y + 2*n. Suppose -4*r + 4614 = 2*c, r + 3*c - y = -0*c. Is r prime?
True
Suppose 7*w - 40 - 2 = 0. Suppose t = -3*f + 4172, -4*f + t - 2781 = -w*f. Is f a composite number?
True
Let o(g) = g**3 - 40*g**2 + 87*g + 51. Let h be (-156)/117 - 151/(-3). Is o(h) a composite number?
True
Let b(i) = 3*i**3 - 8*i**2 + 4*i + 1. Let l be (-6 - -2)*4*97/16. Let z = l - -105. Is b(z) a prime number?
False
Let z(f) = 46*f. Let j be z(1). Let l = -3620 - -3620. Is (-58)/(1 - l)*j/(-4) prime?
False
Let b = -330038 - -839137. Is b a prime number?
False
Let p(h) = h**2 - 25*h - 52. Let i be p(27). Suppose -14*s + i*s = -7572. Is s composite?
False
Suppose -2*d + 4*t = 3*d + 3908, 2*d - 5*t = -1553. Let r = -4477 - d. Is (-2)/(-2*(-3)/r) a prime number?
True
Let m be ((-68)/6)/(2/(-18)). Suppose 2*h - 2*f - 1230 = 0, -12*f = 4*h - 11*f - 2470. Let g = m + h. Is g composite?
False
Let l(d) = 212*d - 48. Let p be l(-11). Let w = p - -3599. Is w a prime number?
False
Let j = -635 + 642. Let p be (-4)/(-10) + 10194/15. Suppose -j*o + 23269 = p. Is o prime?
False
Suppose 0 = -4*q + 6*q - 2518. Suppose -2*d + q = -707. Is d a composite number?
False
Let y(k) = -k + 7. Let u be y(3). Let l be (-3 + 9/(-6))*(-3944)/6. Is l/u*6/9 a composite number?
True
Suppose 3*u + 383907 = 3*m, 3*m + 4*u = -70465 + 454400. Is m a composite number?
False
Suppose 807628 = 11*l + 417952 - 429703. Is l composite?
False
Suppose -13*g + 149952 = 3*g. Suppose 9799 = s - g. Is s a composite number?
True
Suppose -3884164 = -20*r - 761784. Is r prime?
True
Let f(v) = -v**2 - 7*v + 12. Let h be f(-8). Suppose x + 2103 = h*a - 943, -5*x = 5*a - 3795. Let o = a - 510. Is o a prime number?
True
Suppose 40*d = 38*d + 12. Let s(j) = 70*j**3 + 9*j**2 - 17*j - 7. Is s(d) a composite number?
True
Let t = 968 + -11178. Let x be 4 - (-3 - (4 - (t - 1))). Suppose -7*w + 6114 = -4*w - 4*r, 5*w - x = -4*r. Is w prime?
False
Let o(q) = -6*q**3 - 3*q**2 + 4*q - 2. Let h be o(3). Let y = 247 - -17. Let u = y + h. Is u a composite number?
True
Suppose 0*q + 64 = 8*q. Suppose 0 = 24*x - q*x - 4720. Is x a composite number?
True
Let u = -976 - -1375. Let x = 64 + u. Is x a composite number?
False
Let o(k) be the first derivative of -3*k**5/10 - 5*k**4/12 + k**3/3 - 3*k**2/2 - 4*k - 9. Let b(t) be the first derivative of o(t). Is b(-4) a prime number?
True
Let v(d) = 1013*d**3 - 5*d**2 - 13*d + 47. Is v(4) prime?
True
Is 860/16*9725 - (210/56)/(-15) a composite number?
False
Let a(q) be the third derivative of 0 - 131/24*q**4 + 7/6*q**3 + 0*q + 20*q**2. Is a(-8) prime?
False
Let o(f) = 708*f**2 + 47*f + 1. Let x be o(6). Suppose -4*t + x = -t + 4*a, -8617 = -t + 4*a. Is t composite?
False
Suppose 10*j + 0*j = 5*j. Suppose -l + j*p + 7 = -p, -2*p = -l + 7. Is ((-147)/6)/l*-94 a composite number?
True
Is 2/(-42) - (-12242086)/651 composite?
True
Let f(v) = 317*v**2 + 4*v + 4. Let l(g) = -5*g + 7. Let q(m) = -6*m + 8. Let j(k) = -5*l(k) + 4*q(k). Let z be j(0). Is f(z) a prime number?
False
Let o(p) = 2*p**2 + 34*p - 30. Let f be o(-17). Let z = f + 25. Let k(y) = -3*y**3 - 4*y**2 - 4*y + 6. Is k(z) a composite number?
True
Suppose 5*z - 14266 = -4*c, z + c - 2*c - 2846 = 0. Suppose 2*h = -0*d + 4*d - z, -3*d = 3*h - 2142. Is d a composite number?
True
Suppose 58*a = 46*a + 713496 + 1563708. Is a composite?
False
Let j be (-1)/(4 - (-547298)/(-136824)). Suppose -22*h = -26*h - j. Is 0 - h/7 - (-20)/(-70) a prime number?
False
Is -1 + -6 - ((-10)/(-4) + (-7437288)/16) a prime number?
False
Let f(c) = -15*c**2 + 2. Let v be f(1). Let d = v - -18. Suppose -4*i + 2*k + 2505 = -3*i, 3*k = d*i - 12560. Is i a composite number?
True
Is 168988 + -1 + 22 + -32 a composite number?
False
Let t = 694 - 305. Let z = t - 190. Is z a composite number?
False
Let q = -10 + 8. Let v be -2 + 20/(q - -6). Suppose -v*t + 2524 = t. Is t a prime number?
True
Suppose -2*j - 2*j = -3*j - 10123. Is j prime?
False
Let d(y) be the second derivative of 1799*y**3/6 - 321*y**2/2 + y + 45. Is d(6) prime?
False
Suppose -43*f = -40*f + 468. Let s = f - -1373. Is s composite?
False
Suppose 45*i - 2427 = -5*j + 46*i, 5*j + 2*i = 2421. Is j a composite number?
True
Let y be (3/1 - -4) + -19. Let j(h) = 119*h**2 - 130*h + 5. Is j(y) prime?
True
Let i(g) = 6*g - 4083. Let h(o) = 2*o - 1361. Let p = -52 - -63. Let w(x) = p*h(x) - 4*i(x). Is w(0) composite?
False
Let o = -29743 + 80724. Is o composite?
True
Suppose 69 = -15*t - 231. Let i(z) = z**2 + 2*z - 61. Let y(x) = -x**2 - x + 31. Let m(q) = -6*i(q) - 11*y(q). Is m(t) prime?
False
Let i = -73 + 73. Suppose i = -3*o + 6, 2*z - 662 - 348 = -3*o. Is z a prime number?
False
Suppose -3*y + 2*s = 3*s + 643, 2*s + 644 = -3*y. Let i be (-44)/(-330) + y/30. Is (-5596)/(-2)*i*5/(-70) prime?
True
Let r(k) = -8*k + 25. Let g be r(6). Is 46/2*(g + 24) prime?
True
Is 14057330/42 + (5 - 95/15) prime?
False
Is (-112264)/((-13)/(13/4)) prime?
False
Suppose -25 = 5*u, 15*i - 4*u + 20 = 16*i. Suppose -183766 = 18*x - i*x. Is x prime?
True
Suppose 9*q = q + 117984. Suppose 3*a - q = -0*l - l, 5*l - 14736 = -3*a. Suppose 7*x - a - 12422 = 0. Is x a prime number?
True
Suppose -36 = -3*o - 4*m, -5*m - 19 - 29 = -4*o. Is (-13)/(234/o)*-3261 prime?
False
Suppose -6*d + 3*d = 8496. Let y be (-7426)/4 - (-9 + 165/22). Let k = y - d. Is k composite?
False
Suppose -3*m + 10 = 5*b, -4*b - 2*m = -7*m - 8. Suppose b*z + 242 = 10168. Let x = z - 3420. Is x prime?
True
Let o(b) = 7105*b**2 + 545*b - 33. Is o(-4) prime?
True
Let s be (-2 + 1760)*(-1 - 3/9). Let q = 871 - s. Is q a prime number?
False
Let n(m) = 1117*m**2 - 28*m - 216. Is n(17) prime?
False
Suppose -140*s = -17143699 - 18039561. Is s a prime number?
False
Let i(j) = 17*j**3 + 197*j**2 - 3*j - 24. Is i(25) prime?
True
Suppose -6*c + 3*p = -4968672, -4*c + 4140527 = c + 3*p. Is c a composite number?
False
Suppose -112442 = -2*c + 17*o - 13*o, -3*o = 3*c - 168690. Is c a prime number?
False
Let y = -2426 - -2435. Let q(s) = s**3 - 10*s**2 + 13*s + 14. Let m(g) = g**3 - 9*g**2 + 14*g + 15. Let p(x) = 3*m(x) - 4*q(x). Is p(y) a prime number?
True
Let s = 32 + 3. Suppose -2*q - s = -7*q. Is (787*-3)/((-21)/q) composite?
False
Let g = -4629 - -18592. Is g composite?
False
Suppose -3*x + 9*l = -3054741, 0 = -3*x - 5*l + 459944 + 2594797. Is x composite?
False
Let s(v) = -15*v**2 - 2*v + 8*v + v**3 + 15*v**2 - 13*v**2 + 4. Let w be s(12). Let p = -1 - w. Is p prime?
True
Let r(f) = 88*f**3 + 20*f**2 - 46*f - 379. Is r(16) a composite number?
True
Let s(p) = p**3 + 11*p**2 - 30*p - 39. Let d be s(-13). Let f(i) = 213*i - 86. Is f(d) a composite number?
False
Suppose 46*c = 42*c + r + 1262362, -3*c + 946749 = 3*r. Is c a composite number?
False
Let c(w) = 51*w**2 - 76*w + 68. Is c(35) a composite number?
True
Let q(s) = 37275*s - 1165. Is q(12) a prime number?
False
Suppose 3*c + 416 = 1394. Suppose -652 = -2*k - w, -k - 8*w + c = -3*w. Is k composite?
True
Let q(b) = b**2 + 23*b + 22. Let c be q(-1). Suppose 0 = -c*g + 14*g - 48062. Is g a prime number?
True
Let l = -217 + 244. Suppose 14332 = l*v - 14531. Is v prime?
True
Let z(a) = 276*a**3 - 18*a + 31. Let y be z(2). Let p = 3152 - y. Is p a prime number?
False
Suppose -4*h + 728337 = -5*m, -4*h - 2059*m + 2062*m + 728335 = 0. Is h a prime number?
False
Let g(o) = 608*o**2 - 76*o + 283. Is g(18) a composite number?
False
Is 73519/((2 - (-8)/(-20)) + (-30)/5